{"id":759,"date":"2014-02-24T17:04:24","date_gmt":"2014-02-24T17:04:24","guid":{"rendered":"http:\/\/www.karolanemillette.com\/portevoix\/?page_id=759"},"modified":"2023-07-18T14:38:44","modified_gmt":"2023-07-18T14:38:44","slug":"tarifs","status":"publish","type":"page","link":"http:\/\/www.karolanemillette.com\/portevoix\/tarifs\/","title":{"rendered":"Tarifs"},"content":{"rendered":"<div class=\"grid_16 \"><p>Les inscriptions se font normalement avec engagement \u00e0 la session, payable en plusieurs versements. Il y a une session d\u2019automne du mois de Septembre au mois de D\u00e9cembre, une session d\u2019hiver de Janvier \u00e0 Juin et une session d\u2019\u00e9t\u00e9 de juin \u00e0 Ao\u00fbt.<\/p>\n<ul>\n<li>\n<h4>Cours d\u2019essai :<\/h4>\n<p>Gratuit ! Il vous est possible de venir faire un essai gratuit avant de vous inscrire !<\/li>\n<li>\n<h4>Inscription pour une session :<\/h4>\n<p>Cours d&rsquo;une heure par semaine ou de 30 minutes par semaine (6 ans et moins)<br \/>\nContactez-nous pour conna\u00eetre les tarifs<\/li>\n<li>\n<h4>Cours \u00e0 la carte :<\/h4>\n<p>Offerts dans certains cas seulement<br \/>\nContactez-nous pour conna\u00eetre les tarifs<\/li>\n<li>\n<h4>Ateliers d\u2019\u00e9veil musical :<\/h4>\n<p>Offerts pour les 3 \u00e0 5 ans<br \/>\nContactez-nous pour conna\u00eetre les tarifs<\/li>\n<\/ul>\n<div class=\"clear\"><\/div><\/div>\n","protected":false},"excerpt":{"rendered":"","protected":false},"author":1,"featured_media":0,"parent":0,"menu_order":0,"comment_status":"open","ping_status":"open","template":"","meta":{"footnotes":""},"class_list":["post-759","page","type-page","status-publish","hentry"],"_links":{"self":[{"href":"http:\/\/www.karolanemillette.com\/portevoix\/wp-json\/wp\/v2\/pages\/759","targetHints":{"allow":["GET"]}}],"collection":[{"href":"http:\/\/www.karolanemillette.com\/portevoix\/wp-json\/wp\/v2\/pages"}],"about":[{"href":"http:\/\/www.karolanemillette.com\/portevoix\/wp-json\/wp\/v2\/types\/page"}],"author":[{"embeddable":true,"href":"http:\/\/www.karolanemillette.com\/portevoix\/wp-json\/wp\/v2\/users\/1"}],"replies":[{"embeddable":true,"href":"http:\/\/www.karolanemillette.com\/portevoix\/wp-json\/wp\/v2\/comments?post=759"}],"version-history":[{"count":15,"href":"http:\/\/www.karolanemillette.com\/portevoix\/wp-json\/wp\/v2\/pages\/759\/revisions"}],"predecessor-version":[{"id":1452,"href":"http:\/\/www.karolanemillette.com\/portevoix\/wp-json\/wp\/v2\/pages\/759\/revisions\/1452"}],"wp:attachment":[{"href":"http:\/\/www.karolanemillette.com\/portevoix\/wp-json\/wp\/v2\/media?parent=759"}],"curies":[{"name":"wp","href":"https:\/\/api.w.org\/{rel}","templated":true}]}}

<div class="grid_16 "><p>Les inscriptions se font normalement avec engagement à la session, payable en plusieurs versements. Il y a une session d’automne du mois de Septembre au mois de Décembre, une session d’hiver de Janvier à Juin et une session d’été de juin à Août.</p>
<ul>
<li>
<h4>Cours d’essai :</h4>
<p>Gratuit ! Il vous est possible de venir faire un essai gratuit avant de vous inscrire !</li>
<li>
<h4>Inscription pour une session :</h4>
<p>Cours d&rsquo;une heure par semaine ou de 30 minutes par semaine (6 ans et moins)<br />
Contactez-nous pour connaître les tarifs</li>
<li>
<h4>Cours à la carte :</h4>
<p>Offerts dans certains cas seulement<br />
Contactez-nous pour connaître les tarifs</li>
<li>
<h4>Ateliers d’éveil musical :</h4>
<p>Offerts pour les 3 à 5 ans<br />
Contactez-nous pour connaître les tarifs</li>
</ul>
<div class="clear"></div></div>
