{"id":767,"date":"2014-02-24T23:30:08","date_gmt":"2014-02-24T23:30:08","guid":{"rendered":"http:\/\/www.karolanemillette.com\/portevoix\/?page_id=767"},"modified":"2019-10-15T13:21:32","modified_gmt":"2019-10-15T13:21:32","slug":"cours","status":"publish","type":"page","link":"http:\/\/www.karolanemillette.com\/portevoix\/cours\/","title":{"rendered":"Cours"},"content":{"rendered":"<\/div><\/div><\/div><div class=\"top-content\"><div class=\"container_24 clearfix\">\n<div class=\"grid_24 \"><ul class=\"recent-posts services\"><li class=\"post-770 services type-services status-publish has-post-thumbnail hentry\"><figure class=\"featured-thumbnail\"><a href=\"http:\/\/www.karolanemillette.com\/portevoix\/services-view\/chant\/\" title=\"Chant\"><img decoding=\"async\"  src=\"http:\/\/www.karolanemillette.com\/portevoix\/wp-content\/uploads\/2014\/02\/chant-52x54.png\"\/><\/a><\/figure><h3><a href=\"http:\/\/www.karolanemillette.com\/portevoix\/services-view\/chant\/\" title=\"Chant\">Chant<\/a><\/h3><div class=\"clear\"><\/div><h4><\/h4><div class=\"excerpt\">Vous avez toujours aim\u00e9 fredonner sous la douche ou vous aimeriez pouvoir chanter vos chansons pr\u00e9f\u00e9r\u00e9es\u00a0? Que vous soyez d\u00e9butant, interm\u00e9diaire ou avanc\u00e9, des exercices techniques adapt\u00e9s \u00e0 vos capacit\u00e9s... <\/div><a href=\"http:\/\/www.karolanemillette.com\/portevoix\/services-view\/chant\/\" class=\"link\" title=\"Chant\">En savoir plus<\/a><div class=\"clear\"><\/div><\/li><!-- .entry (end) --><li class=\"post-155 services type-services status-publish has-post-thumbnail hentry\"><figure class=\"featured-thumbnail\"><a href=\"http:\/\/www.karolanemillette.com\/portevoix\/services-view\/quality-of-service-tuition-support\/\" title=\"Piano\"><img decoding=\"async\"  src=\"http:\/\/www.karolanemillette.com\/portevoix\/wp-content\/uploads\/2011\/07\/piano-52x54.png\"\/><\/a><\/figure><h3><a href=\"http:\/\/www.karolanemillette.com\/portevoix\/services-view\/quality-of-service-tuition-support\/\" title=\"Piano\">Piano<\/a><\/h3><div class=\"clear\"><\/div><h4><\/h4><div class=\"excerpt\">Les cours de piano classique vous permettent d&rsquo;apprendre la technique de l\u2019instrument tout en travaillant des pi\u00e8ces amusantes et douces \u00e0 l\u2019oreille. Il vous est tout de m\u00eame possible d\u2019apprendre... <\/div><a href=\"http:\/\/www.karolanemillette.com\/portevoix\/services-view\/quality-of-service-tuition-support\/\" class=\"link\" title=\"Piano\">En savoir plus<\/a><div class=\"clear\"><\/div><\/li><!-- .entry (end) --><li class=\"post-154 services type-services status-publish has-post-thumbnail hentry\"><figure class=\"featured-thumbnail\"><a href=\"http:\/\/www.karolanemillette.com\/portevoix\/services-view\/piano-voix\/\" title=\"Piano-Voix\"><img decoding=\"async\"  src=\"http:\/\/www.karolanemillette.com\/portevoix\/wp-content\/uploads\/2011\/07\/piano_voix.png\"\/><\/a><\/figure><h3><a href=\"http:\/\/www.karolanemillette.com\/portevoix\/services-view\/piano-voix\/\" title=\"Piano-Voix\">Piano-Voix<\/a><\/h3><div class=\"clear\"><\/div><h4><\/h4><div class=\"excerpt\">Si vous souhaitez chanter en vous accompagnant au piano, il est possible de jumeler les 2 cours\u00a0! En faisant 30 minutes de chant, puis 30 minutes de piano il vous... <\/div><a href=\"http:\/\/www.karolanemillette.com\/portevoix\/services-view\/piano-voix\/\" class=\"link\" title=\"Piano-Voix\">En savoir plus<\/a><div class=\"clear\"><\/div><\/li><!-- .entry (end) --><li class=\"post-777 services type-services status-publish has-post-thumbnail hentry\"><figure class=\"featured-thumbnail\"><a href=\"http:\/\/www.karolanemillette.com\/portevoix\/services-view\/guitare\/\" title=\"Guitare\"><img decoding=\"async\"  src=\"http:\/\/www.karolanemillette.com\/portevoix\/wp-content\/uploads\/2014\/02\/guitare.png\"\/><\/a><\/figure><h3><a href=\"http:\/\/www.karolanemillette.com\/portevoix\/services-view\/guitare\/\" title=\"Guitare\">Guitare<\/a><\/h3><div class=\"clear\"><\/div><h4><\/h4><div class=\"excerpt\">Vous avez toujours r\u00eav\u00e9 de jouer de la guitare autour d&rsquo;un feu de camp ou encore de vous produire sur sc\u00e8ne? Pourquoi pas! Les cours se donnent sur une guitare... <\/div><a href=\"http:\/\/www.karolanemillette.com\/portevoix\/services-view\/guitare\/\" class=\"link\" title=\"Guitare\">En savoir plus<\/a><div class=\"clear\"><\/div><\/li><!-- .entry (end) --><li class=\"post-779 services type-services status-publish has-post-thumbnail hentry\"><figure class=\"featured-thumbnail\"><a href=\"http:\/\/www.karolanemillette.com\/portevoix\/services-view\/basse\/\" title=\"Basse\"><img decoding=\"async\"  src=\"http:\/\/www.karolanemillette.com\/portevoix\/wp-content\/uploads\/2014\/02\/basse.png\"\/><\/a><\/figure><h3><a href=\"http:\/\/www.karolanemillette.com\/portevoix\/services-view\/basse\/\" title=\"Basse\">Basse<\/a><\/h3><div class=\"clear\"><\/div><h4><\/h4><div class=\"excerpt\">Apprendre \u00e0 jouer de la basse \u00e9lectrique vous int\u00e9resse\u00a0?\u00a0 Choisissez vos chansons favorites et appelez-nous\u00a0! Mat\u00e9riel inclus\u00a0: feuilles de th\u00e9orie, partitions des chansons demand\u00e9es, audios des chansons Mat\u00e9riel \u00e0 pr\u00e9voir... <\/div><a href=\"http:\/\/www.karolanemillette.com\/portevoix\/services-view\/basse\/\" class=\"link\" title=\"Basse\">En savoir plus<\/a><div class=\"clear\"><\/div><\/li><!-- .entry (end) --><li class=\"post-781 services type-services status-publish has-post-thumbnail hentry\"><figure class=\"featured-thumbnail\"><a href=\"http:\/\/www.karolanemillette.com\/portevoix\/services-view\/batterie\/\" title=\"Batterie\"><img decoding=\"async\"  src=\"http:\/\/www.karolanemillette.com\/portevoix\/wp-content\/uploads\/2014\/02\/drum-52x54.png\"\/><\/a><\/figure><h3><a href=\"http:\/\/www.karolanemillette.com\/portevoix\/services-view\/batterie\/\" title=\"Batterie\">Batterie<\/a><\/h3><div class=\"clear\"><\/div><h4><\/h4><div class=\"excerpt\">Les cours de batterie vous int\u00e9ressent? Notre professeur se rendra directement chez vous!! Mat\u00e9riel inclus\u00a0: feuilles de th\u00e9orie, partitions, audios des chansons Mat\u00e9riel \u00e0 pr\u00e9voir par l\u2019\u00e9l\u00e8ve\u00a0: cartable, cahier de... <\/div><a href=\"http:\/\/www.karolanemillette.com\/portevoix\/services-view\/batterie\/\" class=\"link\" title=\"Batterie\">En savoir plus<\/a><div class=\"clear\"><\/div><\/li><!-- .entry (end) --><li class=\"post-784 services type-services status-publish has-post-thumbnail hentry\"><figure class=\"featured-thumbnail\"><a href=\"http:\/\/www.karolanemillette.com\/portevoix\/services-view\/theorie-et-solfege\/\" title=\"Th\u00e9orie et solf\u00e8ge\"><img decoding=\"async\"  src=\"http:\/\/www.karolanemillette.com\/portevoix\/wp-content\/uploads\/2014\/02\/solfege-52x54.png\"\/><\/a><\/figure><h3><a href=\"http:\/\/www.karolanemillette.com\/portevoix\/services-view\/theorie-et-solfege\/\" title=\"Th\u00e9orie et solf\u00e8ge\">Th\u00e9orie et solf\u00e8ge<\/a><\/h3><div class=\"clear\"><\/div><h4><\/h4><div class=\"excerpt\">Vous voulez simplement approfondir vos connaissances th\u00e9oriques sans n\u00e9cessairement prendre un cours d\u2019instrument\u00a0? C\u2019est possible\u00a0! D\u2019autre part, bien que la th\u00e9orie fasse partie de chacun des cours offerts, vous pouvez\u00a0... <\/div><a href=\"http:\/\/www.karolanemillette.com\/portevoix\/services-view\/theorie-et-solfege\/\" class=\"link\" title=\"Th\u00e9orie et solf\u00e8ge\">En savoir plus<\/a><div class=\"clear\"><\/div><\/li><!-- .entry (end) --><li class=\"post-786 services type-services status-publish has-post-thumbnail hentry\"><figure class=\"featured-thumbnail\"><a href=\"http:\/\/www.karolanemillette.com\/portevoix\/services-view\/preparation-aux-tests-dadmission-du-cegep-et-de-luniversite\/\" title=\"Pr\u00e9paration aux tests d\u2019admission du C\u00e9gep et de l\u2019universit\u00e9\"><img decoding=\"async\"  src=\"http:\/\/www.karolanemillette.com\/portevoix\/wp-content\/uploads\/2014\/02\/cegep-52x54.png\"\/><\/a><\/figure><h3><a href=\"http:\/\/www.karolanemillette.com\/portevoix\/services-view\/preparation-aux-tests-dadmission-du-cegep-et-de-luniversite\/\" title=\"Pr\u00e9paration aux tests d\u2019admission du C\u00e9gep et de l\u2019universit\u00e9\">Pr\u00e9paration aux tests d\u2019admission du C\u00e9gep et de l\u2019universit\u00e9<\/a><\/h3><div class=\"clear\"><\/div><h4><\/h4><div class=\"excerpt\">Vous souhaitez \u00eatre bien pr\u00e9par\u00e9 pour vos auditions au C\u00e9gep ou \u00e0 l\u2019universit\u00e9\u00a0? Nous sommes pr\u00eats \u00e0 vous aider\u00a0! Mat\u00e9riel inclus\u00a0: documentation sur les auditions, feuilles de th\u00e9orie, partitions des... <\/div><a href=\"http:\/\/www.karolanemillette.com\/portevoix\/services-view\/preparation-aux-tests-dadmission-du-cegep-et-de-luniversite\/\" class=\"link\" title=\"Pr\u00e9paration aux tests d\u2019admission du C\u00e9gep et de l\u2019universit\u00e9\">En savoir plus<\/a><div class=\"clear\"><\/div><\/li><!-- .entry (end) --><li class=\"post-788 services type-services status-publish has-post-thumbnail hentry\"><figure class=\"featured-thumbnail\"><a href=\"http:\/\/www.karolanemillette.com\/portevoix\/services-view\/eveil-musical\/\" title=\"\u00c9veil musical\"><img decoding=\"async\"  src=\"http:\/\/www.karolanemillette.com\/portevoix\/wp-content\/uploads\/2014\/02\/eveil1-52x54.png\"\/><\/a><\/figure><h3><a href=\"http:\/\/www.karolanemillette.com\/portevoix\/services-view\/eveil-musical\/\" title=\"\u00c9veil musical\">\u00c9veil musical<\/a><\/h3><div class=\"clear\"><\/div><h4><\/h4><div class=\"excerpt\">Les ateliers d\u2019\u00e9veil musical sont b\u00e2tis pour les enfants de 3 \u00e0 5 ans et se donnent en petits groupes de 5. C\u2019est \u00e0 travers de courtes activit\u00e9s dynamiques qu\u2019ils... <\/div><a href=\"http:\/\/www.karolanemillette.com\/portevoix\/services-view\/eveil-musical\/\" class=\"link\" title=\"\u00c9veil musical\">En savoir plus<\/a><div class=\"clear\"><\/div><\/li><!-- .entry (end) --><\/ul><!-- .recent-posts (end) --><\/div><div class=\"clear\"><\/div>\n<\/div><\/div><div><div><div class=\"container_24 clearfix\">\n","protected":false},"excerpt":{"rendered":"","protected":false},"author":1,"featured_media":0,"parent":0,"menu_order":0,"comment_status":"open","ping_status":"open","template":"","meta":{"footnotes":""},"class_list":["post-767","page","type-page","status-publish","hentry"],"_links":{"self":[{"href":"http:\/\/www.karolanemillette.com\/portevoix\/wp-json\/wp\/v2\/pages\/767","targetHints":{"allow":["GET"]}}],"collection":[{"href":"http:\/\/www.karolanemillette.com\/portevoix\/wp-json\/wp\/v2\/pages"}],"about":[{"href":"http:\/\/www.karolanemillette.com\/portevoix\/wp-json\/wp\/v2\/types\/page"}],"author":[{"embeddable":true,"href":"http:\/\/www.karolanemillette.com\/portevoix\/wp-json\/wp\/v2\/users\/1"}],"replies":[{"embeddable":true,"href":"http:\/\/www.karolanemillette.com\/portevoix\/wp-json\/wp\/v2\/comments?post=767"}],"version-history":[{"count":6,"href":"http:\/\/www.karolanemillette.com\/portevoix\/wp-json\/wp\/v2\/pages\/767\/revisions"}],"predecessor-version":[{"id":1450,"href":"http:\/\/www.karolanemillette.com\/portevoix\/wp-json\/wp\/v2\/pages\/767\/revisions\/1450"}],"wp:attachment":[{"href":"http:\/\/www.karolanemillette.com\/portevoix\/wp-json\/wp\/v2\/media?parent=767"}],"curies":[{"name":"wp","href":"https:\/\/api.w.org\/{rel}","templated":true}]}}